{"id":1679,"date":"2025-06-11T19:48:15","date_gmt":"2025-06-11T19:48:15","guid":{"rendered":"https:\/\/nextronik.de\/?post_type=product&#038;p=1679"},"modified":"2025-08-03T19:04:26","modified_gmt":"2025-08-03T19:04:26","slug":"galio-handyhuelle-2","status":"publish","type":"product","link":"https:\/\/nextronik.de\/index.php\/produkt\/galio-handyhuelle-2\/","title":{"rendered":"Handyh\u00fclle iPhone 16"},"content":{"rendered":"<p>Die schlanke Silikonh\u00fclle mit Kameraschutz f\u00fcr das iPhone 16 bietet nicht nur ein minimalistisches Design, sondern auch exzellenten Schutz. Das flexible TPU Backcover f\u00fchlt sich angenehm samtig an und sorgt f\u00fcr einen sicheren, rutschfesten Griff. Dank der leicht erhobenen Kante ist das Display und die Kamera vor Kratzern und St\u00f6\u00dfen gesch\u00fctzt. Die passgenaue H\u00fclle aus robustem Silikon schmiegt sich perfekt an das Smartphone an und bleibt dabei besonders leicht. Erh\u00e4ltlich in kr\u00e4ftigen, satten oder sanften Pastellfarben, erg\u00e4nzt das Case jedes Outfit stilvoll.<\/p>\n<h3><span style=\"color: #800080;\">\u00dcbersicht<\/span><\/h3>\n<p data-start=\"0\" data-end=\"158\">Design: Das Softcase bietet durch stabile Materialien und erh\u00f6hte R\u00e4nder rundum Schutz f\u00fcr Kamera und Display \u2013 der perfekte 360-Grad-Schutz.<\/p>\n<p data-start=\"160\" data-end=\"286\">Sicherer Grip: Das flexible, matte Silikon bietet einen sicheren Grip und sch\u00fctzt das iPhone 16 zuverl\u00e4ssig bei St\u00fcrzen.<\/p>\n<p data-start=\"438\" data-end=\"586\">Display- und Kameraschutz: Erh\u00f6hte R\u00e4nder sch\u00fctzen das Display vorne, w\u00e4hrend die Kamera hinten durch eine zus\u00e4tzliche Erh\u00f6hung gesichert wird.<\/p>\n<p data-start=\"588\" data-end=\"704\" data-is-last-node=\"\" data-is-only-node=\"\">Stil und Sicherheit: Das ultra-slim Design kombiniert Stil mit umfassendem Schutz \u2013 sto\u00dffest, stylisch und sicher.<\/p>\n","protected":false},"excerpt":{"rendered":"<p>Das weiche Silikon Case f\u00fcr das iPhone 16 bietet zuverl\u00e4ssigen Schutz mit integriertem Kameraschutz und einem erh\u00f6hten Rand, der das Display vor Kratzern sch\u00fctzt. Das schlanke, flexible Design sch\u00fctzt dein Ger\u00e4t, ohne es klobig wirken zu lassen, w\u00e4hrend die angenehme Haptik und der rutschfeste Halt f\u00fcr eine komfortable Nutzung sorgen.<\/p>\n","protected":false},"featured_media":1727,"comment_status":"open","ping_status":"closed","template":"","meta":[],"product_brand":[20],"product_cat":[48],"product_tag":[62],"class_list":{"0":"post-1679","1":"product","2":"type-product","3":"status-publish","4":"has-post-thumbnail","6":"product_brand-apple","7":"product_cat-iphone-16","8":"product_tag-huellen","9":"pa_farbe-blau","10":"pa_farbe-creme","11":"pa_farbe-gruen","12":"pa_farbe-lila","13":"pa_farbe-rot","14":"pa_farbe-schwarz","16":"entry","17":"has-media","19":"first","20":"instock","21":"shipping-taxable","22":"purchasable","23":"product-type-variable","24":"has-product-nav","25":"col","26":"span_1_of_3","27":"owp-content-center","28":"owp-thumbs-layout-horizontal","29":"owp-btn-normal","30":"owp-tabs-layout-horizontal"},"yoast_head":"<!-- This site is optimized with the Yoast SEO plugin v26.2 - https:\/\/yoast.com\/wordpress\/plugins\/seo\/ -->\n<title>Handyh\u00fclle iPhone 16 - nextronik<\/title>\n<meta name=\"robots\" content=\"index, follow, max-snippet:-1, max-image-preview:large, max-video-preview:-1\" \/>\n<link rel=\"canonical\" href=\"https:\/\/nextronik.de\/index.php\/produkt\/galio-handyhuelle-2\/\" \/>\n<meta property=\"og:locale\" content=\"de_DE\" \/>\n<meta property=\"og:type\" content=\"article\" \/>\n<meta property=\"og:title\" content=\"Handyh\u00fclle iPhone 16 - nextronik\" \/>\n<meta property=\"og:description\" content=\"Das weiche Silikon Case f\u00fcr das iPhone 16 bietet zuverl\u00e4ssigen Schutz mit integriertem Kameraschutz und einem erh\u00f6hten Rand, der das Display vor Kratzern sch\u00fctzt. Das schlanke, flexible Design sch\u00fctzt dein Ger\u00e4t, ohne es klobig wirken zu lassen, w\u00e4hrend die angenehme Haptik und der rutschfeste Halt f\u00fcr eine komfortable Nutzung sorgen.\" \/>\n<meta property=\"og:url\" content=\"https:\/\/nextronik.de\/index.php\/produkt\/galio-handyhuelle-2\/\" \/>\n<meta property=\"og:site_name\" content=\"nextronik\" \/>\n<meta property=\"article:modified_time\" content=\"2025-08-03T19:04:26+00:00\" \/>\n<meta property=\"og:image\" content=\"https:\/\/nextronik.de\/wp-content\/uploads\/2025\/06\/iPhone16_blue-1.jpg\" \/>\n\t<meta property=\"og:image:width\" content=\"750\" \/>\n\t<meta property=\"og:image:height\" content=\"900\" \/>\n\t<meta property=\"og:image:type\" content=\"image\/jpeg\" \/>\n<meta name=\"twitter:card\" content=\"summary_large_image\" \/>\n<meta name=\"twitter:label1\" content=\"Gesch\u00e4tzte Lesezeit\" \/>\n\t<meta name=\"twitter:data1\" content=\"1\u00a0Minute\" \/>\n<script type=\"application\/ld+json\" class=\"yoast-schema-graph\">{\"@context\":\"https:\/\/schema.org\",\"@graph\":[{\"@type\":\"WebPage\",\"@id\":\"https:\/\/nextronik.de\/index.php\/produkt\/galio-handyhuelle-2\/\",\"url\":\"https:\/\/nextronik.de\/index.php\/produkt\/galio-handyhuelle-2\/\",\"name\":\"Handyh\u00fclle iPhone 16 - nextronik\",\"isPartOf\":{\"@id\":\"https:\/\/nextronik.de\/#website\"},\"primaryImageOfPage\":{\"@id\":\"https:\/\/nextronik.de\/index.php\/produkt\/galio-handyhuelle-2\/#primaryimage\"},\"image\":{\"@id\":\"https:\/\/nextronik.de\/index.php\/produkt\/galio-handyhuelle-2\/#primaryimage\"},\"thumbnailUrl\":\"https:\/\/nextronik.de\/wp-content\/uploads\/2025\/06\/iPhone16_blue-1.jpg\",\"datePublished\":\"2025-06-11T19:48:15+00:00\",\"dateModified\":\"2025-08-03T19:04:26+00:00\",\"breadcrumb\":{\"@id\":\"https:\/\/nextronik.de\/index.php\/produkt\/galio-handyhuelle-2\/#breadcrumb\"},\"inLanguage\":\"de\",\"potentialAction\":[{\"@type\":\"ReadAction\",\"target\":[\"https:\/\/nextronik.de\/index.php\/produkt\/galio-handyhuelle-2\/\"]}]},{\"@type\":\"ImageObject\",\"inLanguage\":\"de\",\"@id\":\"https:\/\/nextronik.de\/index.php\/produkt\/galio-handyhuelle-2\/#primaryimage\",\"url\":\"https:\/\/nextronik.de\/wp-content\/uploads\/2025\/06\/iPhone16_blue-1.jpg\",\"contentUrl\":\"https:\/\/nextronik.de\/wp-content\/uploads\/2025\/06\/iPhone16_blue-1.jpg\",\"width\":750,\"height\":900},{\"@type\":\"BreadcrumbList\",\"@id\":\"https:\/\/nextronik.de\/index.php\/produkt\/galio-handyhuelle-2\/#breadcrumb\",\"itemListElement\":[{\"@type\":\"ListItem\",\"position\":1,\"name\":\"Startseite\",\"item\":\"https:\/\/nextronik.de\/\"},{\"@type\":\"ListItem\",\"position\":2,\"name\":\"Shop\",\"item\":\"https:\/\/nextronik.de\/index.php\/shop\/\"},{\"@type\":\"ListItem\",\"position\":3,\"name\":\"Handyh\u00fclle iPhone 16\"}]},{\"@type\":\"WebSite\",\"@id\":\"https:\/\/nextronik.de\/#website\",\"url\":\"https:\/\/nextronik.de\/\",\"name\":\"Ihr g\u00fcnstiger Handyzubeh\u00f6r Anbieter > Nextronik\",\"description\":\"\",\"publisher\":{\"@id\":\"https:\/\/nextronik.de\/#organization\"},\"potentialAction\":[{\"@type\":\"SearchAction\",\"target\":{\"@type\":\"EntryPoint\",\"urlTemplate\":\"https:\/\/nextronik.de\/?s={search_term_string}\"},\"query-input\":{\"@type\":\"PropertyValueSpecification\",\"valueRequired\":true,\"valueName\":\"search_term_string\"}}],\"inLanguage\":\"de\"},{\"@type\":\"Organization\",\"@id\":\"https:\/\/nextronik.de\/#organization\",\"name\":\"Rund ums Handy > Nextronik\",\"url\":\"https:\/\/nextronik.de\/\",\"logo\":{\"@type\":\"ImageObject\",\"inLanguage\":\"de\",\"@id\":\"https:\/\/nextronik.de\/#\/schema\/logo\/image\/\",\"url\":\"https:\/\/nextronik.de\/wp-content\/uploads\/2025\/07\/nextronik_logo_2025.png\",\"contentUrl\":\"https:\/\/nextronik.de\/wp-content\/uploads\/2025\/07\/nextronik_logo_2025.png\",\"width\":1000,\"height\":216,\"caption\":\"Rund ums Handy > Nextronik\"},\"image\":{\"@id\":\"https:\/\/nextronik.de\/#\/schema\/logo\/image\/\"}}]}<\/script>\n<!-- \/ Yoast SEO plugin. -->","yoast_head_json":{"title":"Handyh\u00fclle iPhone 16 - nextronik","robots":{"index":"index","follow":"follow","max-snippet":"max-snippet:-1","max-image-preview":"max-image-preview:large","max-video-preview":"max-video-preview:-1"},"canonical":"https:\/\/nextronik.de\/index.php\/produkt\/galio-handyhuelle-2\/","og_locale":"de_DE","og_type":"article","og_title":"Handyh\u00fclle iPhone 16 - nextronik","og_description":"Das weiche Silikon Case f\u00fcr das iPhone 16 bietet zuverl\u00e4ssigen Schutz mit integriertem Kameraschutz und einem erh\u00f6hten Rand, der das Display vor Kratzern sch\u00fctzt. Das schlanke, flexible Design sch\u00fctzt dein Ger\u00e4t, ohne es klobig wirken zu lassen, w\u00e4hrend die angenehme Haptik und der rutschfeste Halt f\u00fcr eine komfortable Nutzung sorgen.","og_url":"https:\/\/nextronik.de\/index.php\/produkt\/galio-handyhuelle-2\/","og_site_name":"nextronik","article_modified_time":"2025-08-03T19:04:26+00:00","og_image":[{"width":750,"height":900,"url":"https:\/\/nextronik.de\/wp-content\/uploads\/2025\/06\/iPhone16_blue-1.jpg","type":"image\/jpeg"}],"twitter_card":"summary_large_image","twitter_misc":{"Gesch\u00e4tzte Lesezeit":"1\u00a0Minute"},"schema":{"@context":"https:\/\/schema.org","@graph":[{"@type":"WebPage","@id":"https:\/\/nextronik.de\/index.php\/produkt\/galio-handyhuelle-2\/","url":"https:\/\/nextronik.de\/index.php\/produkt\/galio-handyhuelle-2\/","name":"Handyh\u00fclle iPhone 16 - nextronik","isPartOf":{"@id":"https:\/\/nextronik.de\/#website"},"primaryImageOfPage":{"@id":"https:\/\/nextronik.de\/index.php\/produkt\/galio-handyhuelle-2\/#primaryimage"},"image":{"@id":"https:\/\/nextronik.de\/index.php\/produkt\/galio-handyhuelle-2\/#primaryimage"},"thumbnailUrl":"https:\/\/nextronik.de\/wp-content\/uploads\/2025\/06\/iPhone16_blue-1.jpg","datePublished":"2025-06-11T19:48:15+00:00","dateModified":"2025-08-03T19:04:26+00:00","breadcrumb":{"@id":"https:\/\/nextronik.de\/index.php\/produkt\/galio-handyhuelle-2\/#breadcrumb"},"inLanguage":"de","potentialAction":[{"@type":"ReadAction","target":["https:\/\/nextronik.de\/index.php\/produkt\/galio-handyhuelle-2\/"]}]},{"@type":"ImageObject","inLanguage":"de","@id":"https:\/\/nextronik.de\/index.php\/produkt\/galio-handyhuelle-2\/#primaryimage","url":"https:\/\/nextronik.de\/wp-content\/uploads\/2025\/06\/iPhone16_blue-1.jpg","contentUrl":"https:\/\/nextronik.de\/wp-content\/uploads\/2025\/06\/iPhone16_blue-1.jpg","width":750,"height":900},{"@type":"BreadcrumbList","@id":"https:\/\/nextronik.de\/index.php\/produkt\/galio-handyhuelle-2\/#breadcrumb","itemListElement":[{"@type":"ListItem","position":1,"name":"Startseite","item":"https:\/\/nextronik.de\/"},{"@type":"ListItem","position":2,"name":"Shop","item":"https:\/\/nextronik.de\/index.php\/shop\/"},{"@type":"ListItem","position":3,"name":"Handyh\u00fclle iPhone 16"}]},{"@type":"WebSite","@id":"https:\/\/nextronik.de\/#website","url":"https:\/\/nextronik.de\/","name":"Ihr g\u00fcnstiger Handyzubeh\u00f6r Anbieter > Nextronik","description":"","publisher":{"@id":"https:\/\/nextronik.de\/#organization"},"potentialAction":[{"@type":"SearchAction","target":{"@type":"EntryPoint","urlTemplate":"https:\/\/nextronik.de\/?s={search_term_string}"},"query-input":{"@type":"PropertyValueSpecification","valueRequired":true,"valueName":"search_term_string"}}],"inLanguage":"de"},{"@type":"Organization","@id":"https:\/\/nextronik.de\/#organization","name":"Rund ums Handy > Nextronik","url":"https:\/\/nextronik.de\/","logo":{"@type":"ImageObject","inLanguage":"de","@id":"https:\/\/nextronik.de\/#\/schema\/logo\/image\/","url":"https:\/\/nextronik.de\/wp-content\/uploads\/2025\/07\/nextronik_logo_2025.png","contentUrl":"https:\/\/nextronik.de\/wp-content\/uploads\/2025\/07\/nextronik_logo_2025.png","width":1000,"height":216,"caption":"Rund ums Handy > Nextronik"},"image":{"@id":"https:\/\/nextronik.de\/#\/schema\/logo\/image\/"}}]}},"_links":{"self":[{"href":"https:\/\/nextronik.de\/index.php\/wp-json\/wp\/v2\/product\/1679","targetHints":{"allow":["GET"]}}],"collection":[{"href":"https:\/\/nextronik.de\/index.php\/wp-json\/wp\/v2\/product"}],"about":[{"href":"https:\/\/nextronik.de\/index.php\/wp-json\/wp\/v2\/types\/product"}],"replies":[{"embeddable":true,"href":"https:\/\/nextronik.de\/index.php\/wp-json\/wp\/v2\/comments?post=1679"}],"wp:featuredmedia":[{"embeddable":true,"href":"https:\/\/nextronik.de\/index.php\/wp-json\/wp\/v2\/media\/1727"}],"wp:attachment":[{"href":"https:\/\/nextronik.de\/index.php\/wp-json\/wp\/v2\/media?parent=1679"}],"wp:term":[{"taxonomy":"product_brand","embeddable":true,"href":"https:\/\/nextronik.de\/index.php\/wp-json\/wp\/v2\/product_brand?post=1679"},{"taxonomy":"product_cat","embeddable":true,"href":"https:\/\/nextronik.de\/index.php\/wp-json\/wp\/v2\/product_cat?post=1679"},{"taxonomy":"product_tag","embeddable":true,"href":"https:\/\/nextronik.de\/index.php\/wp-json\/wp\/v2\/product_tag?post=1679"}],"curies":[{"name":"wp","href":"https:\/\/api.w.org\/{rel}","templated":true}]}}